t common factor of o and 264?
24
Suppose 0*l + l - 150 = -5*w, 3*l = -2*w + 398. What is the highest common divisor of l and 10?
10
Let h be (-397)/(-3) - 5/15. Calculate the greatest common factor of 12 and h.
12
Suppose 0 = 4*g - 3*g + 10. Let p be ((-5)/(g/12))/2. Let t be 2/(-3) + 32/p. What is the greatest common divisor of t and 90?
10
Let m be (1 - (8 - -1))/((-8)/36). Calculate the highest common factor of 27 and m.
9
Suppose -8 = -12*k + 11*k. Let g = 37 - 5. Let y = 56 - g. Calculate the highest common divisor of y and k.
8
Let b be -3*1 + (73 - (-30)/(-6)). Calculate the highest common factor of b and 10.
5
Let v be (1 + 0)/(7/(-28)). Let n be (-10)/6 - v/6. Let g be (1 - -3) + n + 2. What is the greatest common factor of 25 and g?
5
Let m be ((-1)/(-2))/((-1)/4). Let b = m - -4. Suppose 4*s + b = 62. What is the highest common divisor of s and 60?
15
Suppose 2*p + s + 3*s - 92 = 0, -4*s = -8. Calculate the highest common divisor of p and 294.
42
Suppose 420 = 3*s + 7*s. What is the highest common factor of 168 and s?
42
Let w be (3 + -1)/((-7)/14). Let x be 1 + 0 + 2 - w. What is the highest common factor of 7 and x?
7
Let q(b) = 21*b + 2. Let v be q(2). Calculate the greatest common divisor of v and 11.
11
Suppose 0 = 5*i - 5*h + 3*h - 184, 6 = -3*h. What is the greatest common divisor of i and 216?
36
Suppose 0 = v - 4*v + 6. Calculate the highest common divisor of v and 6.
2
Suppose -2*v - 12 = -2, -21 = -z + 4*v. Suppose -p = z - 2. Calculate the highest common divisor of 10 and p.
1
Let i = -5 - -2. Let l = i - -13. Calculate the highest common factor of 5 and l.
5
Let g(f) = 21*f**2 + 2*f + 3. Let h be g(3). Let u be 1/5 - h/(-10). Let s = -3 + u. Calculate the highest common factor of s and 85.
17
Suppose 5*u - 59 = 4*v, u - 7 = 2*v - 0. What is the greatest common divisor of 195 and u?
15
Suppose 163 + 285 = 4*k. Calculate the greatest common factor of 16 and k.
16
Let t be 2 + 19 + 2 + -4. Calculate the greatest common divisor of 152 and t.
19
Suppose 4*u = -r + 61, -r = 3*u - 35 - 12. Calculate the greatest common divisor of u and 42.
14
Let v be (-6)/21 + (-500)/14. Let r = -25 - v. Calculate the highest common factor of 121 and r.
11
Suppose -3*y - c + 119 = 0, -5*c - 5 = -30. Calculate the highest common divisor of y and 19.
19
Suppose 4*g - 2*g = 124. Suppose -5*b + 13 + g = 0. Calculate the highest common factor of 10 and b.
5
Let j = -58 + 61. Calculate the greatest common divisor of j and 2.
1
Let i = 9 + -6. Suppose -w + 2*w - 31 = -4*x, i*w + 2*x = 113. Calculate the highest common factor of w and 13.
13
Let m(g) = -g**3 + 6*g**2 + 2*g - 9. Let c be 0/1 + 3 + 4. Suppose c*t = 8*t - 6. Let i be m(t). What is the highest common factor of 33 and i?
3
Let o be 139 - -10 - (2 - 0). Suppose -k - 17 = -o. What is the greatest common divisor of 13 and k?
13
Let p be (-38*2 - 0)*-2. Calculate the highest common factor of 19 and p.
19
Suppose -41 + 110 = -3*f. Suppose 0*l + 5*p + 62 = -4*l, 0 = 5*l - 4*p + 57. Let j = l - f. Calculate the highest common factor of 50 and j.
10
Suppose 0 = 2*v - 147 - 45. What is the greatest common divisor of 12 and v?
12
Let x = 28 + -11. Suppose -x = -2*b + m, -5*m + 65 = 6*b - b. Suppose 2*c + 73 - 193 = 0. Calculate the highest common divisor of c and b.
10
Suppose 400 = -0*z + 5*z. Suppose -m + 0*m = -5*v + 4, -4*v = 4*m - z. What is the highest common divisor of 112 and m?
16
Let x(o) = 136*o**2 - 2*o - 2. Let d be x(-1). Calculate the highest common factor of 17 and d.
17
Suppose -81 = -2*v - a, 9 = a - 4*a. Calculate the greatest common factor of 6 and v.
6
Suppose i - 30 = -4*t - 10, 3*i + 4*t = 44. Suppose 5*d - 2*y - 540 = 0, -4*d + y = -431 - 1. What is the greatest common divisor of d and i?
12
Let r(n) = n**3 + n + 3. Let i be r(0). Suppose i*x - 84 = -x. What is the greatest common divisor of x and 63?
21
Let y(v) = -8*v + 5. Let k be y(2). Let w = 29 + k. What is the greatest common divisor of 27 and w?
9
Let w = 23 + -17. Calculate the highest common divisor of 18 and w.
6
Let m = 9 - 46. Let o = -23 - m. What is the highest common divisor of 154 and o?
14
Suppose j = 2*j - 18. Let h be (30/(-4))/(-5)*30. What is the highest common factor of j and h?
9
Let r be ((-12)/(-10))/(15/250). Let c be (-25)/(6/4 + -2). What is the greatest common factor of r and c?
10
Suppose 0*h - 6 = -2*h. Suppose -5*s - 4*l + 27 = 0, -22 = -h*s - 2*l - 7. Calculate the highest common divisor of s and 3.
3
Suppose -6*b + b = 0. Suppose 2*u - 16 = -b. What is the greatest common divisor of 72 and u?
8
Suppose -k - k - 24 = -5*y, 5*y - k = 22. Suppose -2*h + 7 = -3*v + 1, -3 = -h + y*v. Calculate the greatest common factor of 6 and h.
3
Suppose 0*f + 3*l + 102 = 4*f, 2*f - 52 = 2*l. What is the greatest common factor of 84 and f?
12
Let r be -36*(-4 + (2 - 0)). Let j(w) = 2*w**2 - 3*w. Let y be j(3). What is the highest common factor of y and r?
9
Suppose -28 = -p + 4*h, p + 3*h + 0*h = -7. Calculate the greatest common divisor of 88 and p.
8
Let f(a) = 2*a - 9. Let q(y) = 7*y**2 - y - 1. Let s be q(-1). Let c be f(s). What is the greatest common divisor of 35 and c?
5
Suppose -4 - 96 = -5*r. Let i be 3*r - 0/(-6). Calculate the greatest common factor of i and 15.
15
Suppose 768 = 25*l - 17*l. What is the highest common factor of 32 and l?
32
Let p = 24 - 6. Let m be 6/9*54/4. What is the highest common divisor of p and m?
9
Suppose -3*g - 2*y = -1502, 2005 = 4*g + 2*y + 3*y. Let s be 12/54 + g/18. Suppose a = -3*a + s. What is the greatest common divisor of a and 14?
7
Let f be (-1 + (0 - -3))/1. Let b be f/(-6) - (-75)/9. What is the highest common divisor of 24 and b?
8
Let j(v) = v**3 - 9*v**2 - v + 12. Let r be j(9). Suppose -r*p + 8*p - 540 = 0. Calculate the highest common divisor of 12 and p.
12
Let o be ((-1)/(-1))/((-3)/(-9)). Let v = o + 4. Calculate the greatest common factor of 1 and v.
1
Suppose -8*p + 254 = -66. Suppose -2*z + 5 = 27. Let y = z - -21. What is the greatest common factor of p and y?
10
Let b(c) = -4*c - 3. Let n be b(-2). Suppose 4*i - 23 - 17 = 4*k, -3*k + n = 2*i. What is the greatest common divisor of 63 and i?
7
Let o = 4 + -10. Let c be (-15)/(-1)*o/(-9). Calculate the greatest common divisor of 50 and c.
10
Let s = -3 - -5. Suppose -109 = -5*x + u, -x + 4*x = s*u + 71. Calculate the highest common factor of x and 14.
7
Suppose -3 = -3*t, l - 3*t = -6*t + 15. Calculate the greatest common factor of 84 and l.
12
Let w = 1 - -4. Let f = w + -5. Let m be (2 - -22)*(f - -1). What is the greatest common divisor of m and 8?
8
Let p(t) = -t - 2. Let f be 204/(-28) - 2/(-7). Let y be p(f). What is the highest common divisor of 5 and y?
5
Let y be (1 - 8)*(-7)/(-1). Let f = -7 - y. What is the greatest common factor of 14 and f?
14
Let v(q) = 7*q. Let o be v(11). Let t(j) be the first derivative of -j**2/2 - 5*j - 4. Let c be t(-12). Calculate the greatest common factor of c and o.
7
Suppose -14*w + 2*a = -12*w - 30, 36 = 2*w + 4*a. What is the greatest common divisor of w and 144?
16
Let b = -13 - -1. Let m = b - -28. Calculate the greatest common divisor of 8 and m.
8
Suppose -159 = -5*d + 121. What is the greatest common divisor of 7 and d?
7
Suppose 27 = -0*m + 4*m + 5*x, 4*m - 4*x = 0. Suppose d + b = 53, -d - m*b = -b - 58. Calculate the highest common factor of d and 6.
6
Suppose -m - 3*v + 33 = 0, m + 0*m - 18 = 2*v. What is the greatest common factor of 168 and m?
24
Suppose -2*m + z + 6 = -7, -2*m + 3*z = -11. Calculate the highest common factor of 49 and m.
7
Let i = 0 - -24. Calculate the greatest common factor of i and 16.
8
Let g = -7 + 11. Let a be (g/6 + 0)*72. Let p(j) = -4*j. Let z be p(-8). What is the highest common factor of a and z?
16
Let w(b) be the first derivative of -15*b**4 + b + 3. Let x be w(1). Let u = x - -103. What is the highest common factor of 11 and u?
11
Suppose 44*t = 42*t + 198. Calculate the greatest common factor of 11 and t.
11
Let w = -2 - -47. Suppose -m + 8 = -1. What is the greatest common divisor of w and m?
9
Let d be (3 - (3 + -2)) + -6. Let x(m) = -2*m**3 + 3*m**2 + 2*m + 3. Let l be x(d). Calculate the greatest common factor of l and 19.
19
Suppose -2*u - 3*l = -27, -3*u - 4*l = 15 - 53. Let v(c) = 3*c - 2. Let g be 